 l?
8731
Suppose -36*b - 17*b + 48*b = -15. Suppose 0 = f + 31 - 489. Suppose 5*m - 624 = -2*p, -f = -5*m - b*p + 163. List the prime factors of m.
2, 3, 7
Let g be (0 + (-10 - 0))*1. Let x(j) = 20 + 19 - 45 + 16 + j**2 - j. List the prime factors of x(g).
2, 3, 5
Let n(a) be the second derivative of -a**5/20 + 11*a**4/12 + 5*a**3/2 - 14*a**2 + 42*a. What are the prime factors of n(9)?
269
Let f be -2 + 3/(6/8). Suppose 0 = f*k + n + 30, 5*n + 0*n = -10. List the prime factors of ((-55)/(-10))/(((-1)/k)/1).
7, 11
Suppose -214*g + 1425312 = -67*g. What are the prime factors of g?
2, 3, 101
Suppose -63*w - r = -65*w + 2751, 0 = 2*w + 4*r - 2736. What are the prime factors of w?
2, 3, 229
Let k be -2 + 843 + -19 + 19. Let w = -370 + k. List the prime factors of w.
3, 157
Suppose -37*w = -41*w - 596. Let r = 46 - w. List the prime factors of r.
3, 5, 13
Let m = -7305 - -9072. List the prime factors of m.
3, 19, 31
Let r = -98 + 98. Suppose 5*b - p = -r*b + 1412, -4*b = 3*p - 1141. What are the prime factors of b?
283
Suppose 4*c = 3*r - 20196, 3*c = -3*r - 0*c + 20175. Suppose -4*o + 6723 = 4*w - o, -4*w - 4*o + r = 0. List the prime factors of w.
3, 13, 43
Suppose -2*z + 168094 = 5*c, 5*c - 127935 = -4*z + 40153. List the prime factors of c.
2, 5, 41
Suppose -24*f - 163 = -19. List the prime factors of 97*(2 + 20/(-8))*f.
3, 97
Let b(h) be the third derivative of h**5/30 + 47*h**4/24 + 5*h**3/3 + 17*h**2. Let m be b(-20). Let g = 345 + m. What are the prime factors of g?
5, 43
Let b(y) = -y**3 + 5*y**2 + 15. Let f be b(5). Suppose f*x + 460 = 17*x. Suppose -11*n + 945 - x = 0. List the prime factors of n.
5, 13
Suppose 4*j - 3*c - 64314 = 107732, 2*c - 172036 = -4*j. What are the prime factors of j?
2, 5, 11, 17, 23
List the prime factors of (-23)/(9412/(-1882) + 60 + -55).
23, 941
Suppose 4*c + k = 6*k + 26, 5*k + 10 = 0. Suppose 4*q = 2*z - 3*z - 2, -2*z + 4*q = c. What are the prime factors of (-26)/(z + 4)*-16?
2, 13
Let o(r) = 6*r**2 + 152*r + 430. List the prime factors of o(-63).
2, 19, 193
Suppose 391104 = -7*r + 70*r. List the prime factors of r.
2, 97
Let n = 83 - 80. Suppose b + 2*q - 6 = 0, n*b + 7 = q + 25. Suppose b - 776 = -5*g + 2*f, -5*g + 4*f + 770 = 0. What are the prime factors of g?
2, 7, 11
Let w = 4162 - 946. List the prime factors of w.
2, 3, 67
Let m = 597 + -353. Let s = m - 175. List the prime factors of s.
3, 23
Let k = -8948 + 15450. What are the prime factors of k?
2, 3251
Let d = -283 - -578. Let y = d - 174. Suppose 0*b - 4 = 4*b, 2*u - 5*b = y. What are the prime factors of u?
2, 29
Let f(n) = 164*n + 3156. What are the prime factors of f(95)?
2, 1171
Let q = 39788 - 23550. What are the prime factors of q?
2, 23, 353
Let v = -41 - -54. Let m(x) = -4*x**2 + 39*x. Let l be m(v). Let j = l - -336. List the prime factors of j.
167
Let i(b) = 16*b**2 + 3*b + 1565. List the prime factors of i(-57).
2, 13, 2053
List the prime factors of (1 - (-217238)/6)*1/(20/30).
54311
Suppose -92*k + 66 = -86*k. Suppose k*i = 50*i - 20241. What are the prime factors of i?
3, 173
What are the prime factors of 2380/51*((-22923)/(-30) + 36/(-60))?
2, 5, 7, 509
Let u = -6322 + 8846. What are the prime factors of u?
2, 631
Let n = -19 + 22. Let b(p) = -13*p**3 - 7*p - 2*p**3 - 4 + 16*p**3 + n*p**2. What are the prime factors of b(6)?
2, 139
Let k be (1 + 43 - (6 + -9)) + 3. Let m(q) = -7*q + k + 12*q + q - 8*q. List the prime factors of m(6).
2, 19
Let x(m) = m**3 + 5*m**2 + 4*m. Let v be x(-4). Suppose -4*a - 14 + 37 = 5*n, 0 = -3*n - 15. Suppose v = -l + 7*l - a. List the prime factors of l.
2
Let b = -775 - -12718. List the prime factors of b.
3, 1327
Suppose 0 = y - 3*b - 91, 0*y + b - 87 = -y. Suppose -x - 5*w + y = 0, -336 = -5*x + 3*w + 160. List the prime factors of x.
2, 7
Suppose -4*z = 5*i - 71063, -i + 53289 = 7*z - 4*z. What are the prime factors of z?
2, 83, 107
Let m(a) = 0*a + 4*a - 9 + 0*a. Let s be 29/((-725)/10) - (-27)/5. What are the prime factors of m(s)?
11
Let x(r) = -r**2 - 15*r - 17. Let n be x(-15). Let g = -24 + n. Let z = 144 + g. List the prime factors of z.
103
Let q(j) = 12*j - 81. Let x be q(7). Suppose x*p = -6*u + 2*u + 1766, -5*u = 2*p - 2204. What are the prime factors of u?
2, 5, 11
Let t be 1*3 + (-3 - (-16 - 5)). Suppose -t*v = -20*v - 74. What are the prime factors of v?
2, 37
List the prime factors of 9/6 - (-10)/4*76272/80.
3, 5, 53
Suppose 7*s - 8 = -8. Suppose s = h + 4*r - 385, 4*r + 221 + 501 = 2*h. List the prime factors of h.
3, 41
Let w = -10221 + 22525. What are the prime factors of w?
2, 769
Let m be (-4 - -7)*(-66)/(-18)*-5. Let z = 954 + m. List the prime factors of z.
29, 31
Suppose -39*y = -38*y - 7. Suppose i = -5*v + 728, -y*i + 5*i = 5*v - 1436. Suppose 4*c - 2*c + i = 4*w, 4*c - 542 = -3*w. List the prime factors of w.
2, 89
Let g = 47 - 41. Let q(y) = 7*y**3 - 3*y**2 - 35*y + 5. What are the prime factors of q(g)?
11, 109
Suppose 11*d + 20311 = 72583. What are the prime factors of d?
2, 3, 11
Let l be (6/1)/(1 + 0). Suppose 0 = -o + l*o. Suppose w - 2*x = -o*x + 47, -4*x = 0. What are the prime factors of w?
47
Let y = -8 + 69. Let b = -42 + y. Let l = b - 3. What are the prime factors of l?
2
Let x = -1228 - -1933. Suppose -639*z - x = -654*z. List the prime factors of z.
47
Let h = 12893 + 12989. What are the prime factors of h?
2, 12941
Suppose -4*z + 388 = 368. Suppose 1059 + 229 = f - 5*j, -6463 = -z*f + 2*j. What are the prime factors of f?
3, 431
Suppose 0 = -3*x + 11*x + 8. Let b be (-1*x/(-3))/(2/(-1182)). Suppose 5*y + w + w = 1120, y - 5*w - b = 0. List the prime factors of y.
2, 3, 37
Suppose -d = -5*m - 1789, -8*m + 5307 = 3*d - 3*m. Suppose -8*s + 786 = -d. List the prime factors of s.
2, 5
Let a(w) = -w**3 + 2*w**2 + 4*w. Let p be a(3). Let f = -253 - -255. List the prime factors of (p/3)/(f/146).
73
Let f = 19243 + -6560. List the prime factors of f.
11, 1153
Suppose -905 = -8*a - 129. Let s(t) = -a*t + 10 + 70*t + 0. List the prime factors of s(-6).
2, 43
Suppose 5*i - 2*p - 1952 - 2254 = 0, -3*i + 2505 = 5*p. Suppose 26*x = 36*x - i. What are the prime factors of x?
2, 3, 7
Let z be (-10)/(-10) - 2*-1. Suppose 686 - 12 = t - z*a, -4*a + 688 = t. List the prime factors of t.
2, 5, 17
Let b(w) = w**3 - 19*w**2 - 20*w + 30. Let k be b(20). Let g be 3 - 5 - k*-6. Suppose -j + g = 3*a, 6*a - 2*a - 239 = -3*j. What are the prime factors of a?
59
Let n = -185 - -410. Suppose -2*f - 4*r + 176 = 0, 2*r + 167 + n = 4*f. What are the prime factors of f?
2, 3
Let l(r) = -2*r + 10. Let s be l(5). Suppose s*i - 6*i + 66 = 0. Let w = 16 - i. What are the prime factors of w?
5
Suppose 22*m = 25*m - 60. Suppose -2*t = -3*i + 11, -3*i + m = -i + 5*t. Suppose -2*w + 4*o = -142, i*w = o - 3*o + 307. What are the prime factors of w?
3, 7
Suppose 0 = -75*f + 15419 + 132706. What are the prime factors of f?
5, 79
Let n(y) = -13*y**3 - 37*y**2 - 41*y + 51. Let u(b) = 7*b**3 + 19*b**2 + 21*b - 26. Let z(f) = -6*n(f) - 11*u(f). What are the prime factors of z(-8)?
2, 3, 5
Let v(p) = 11*p + 11 - 2*p - 32. Suppose -23 = -4*u + 3*q, 8*u - 11*u + q + 16 = 0. What are the prime factors of v(u)?
2, 3
Let k be (-455)/(-2)*(1 - (12 + -13)). Suppose 2631 - k = 8*s. What are the prime factors of s?
2, 17
Let l = 98 + -95. Suppose -v = -4*j + 1282 - 422, 636 = l*j - 3*v. List the prime factors of j.
2, 3
Suppose 0 = 5*i + 3*d - 24, -d + 8 = 3*i - 8. Suppose -2*s + 176 = i*s. What are the prime factors of (-4)/s - (-976)/44?
2, 11
Let v(l) = l**3 + 16*l**2 + 27*l + 4. Let t be v(-13). Let c = t + -42. Suppose 6*z + c = 838. List the prime factors of z.
2, 3, 5
Let k(l) = l**3 - 10*l**2 + 13. Let j be k(10). Let b be (2 + 10)*j/(-2). Let z = b - -157. List the prime factors of z.
79
Let a(h) = -34*h + 47. Let i be a(-11). Suppose -4*v = -839 - i. Let g = v - 158. List the prime factors of g.
157
Let p(g) be the third derivative of -g**6/120 + 7*g**5/60 - g**4/24 - g**3/2 - g**2. Let t = -627 - -632. What are the prime factors of p(t)?
2, 3, 7
Let v(n) = -n**3 - n**2 + 4*n + 120. Let y be v(0). Suppose 19*b - y = 108. What are the prime factors of b?
2, 3
Let n(f) = f - 12. Let g be n(12). Let h be ((-11)/(-1))/((-3)/(-57)). Suppose -3*x + h - 38 = g. List the prime factors of x.
3, 19
List the p